?
5
What is the units digit of 18736?
6
What is the ten thousands digit of 39670?
3
What is the units digit of 17553?
3
What is the thousands digit of 2655?
2
What is the thousands digit of 1161?
1
What is the hundreds digit of 3354?
3
What is the units digit of 11990?
0
What is the tens digit of 13748?
4
What is the thousands digit of 2511?
2
What is the units digit of 192?
2
What is the hundreds digit of 7046?
0
What is the hundreds digit of 2275?
2
What is the hundreds digit of 170?
1
What is the tens digit of 43147?
4
What is the tens digit of 378?
7
What is the tens digit of 13317?
1
What is the hundred thousands digit of 187986?
1
What is the hundreds digit of 7000?
0
What is the hundreds digit of 2382?
3
What is the units digit of 77?
7
What is the units digit of 450?
0
What is the units digit of 7462?
2
What is the tens digit of 1197?
9
What is the thousands digit of 6028?
6
What is the ten thousands digit of 15187?
1
What is the hundreds digit of 25166?
1
What is the thousands digit of 1358?
1
What is the thousands digit of 172465?
2
What is the tens digit of 9004?
0
What is the units digit of 88350?
0
What is the thousands digit of 4560?
4
What is the tens digit of 660?
6
What is the hundreds digit of 15678?
6
What is the units digit of 7905?
5
What is the units digit of 120?
0
What is the thousands digit of 1356?
1
What is the thousands digit of 2361?
2
What is the ten thousands digit of 179858?
7
What is the hundreds digit of 162225?
2
What is the hundreds digit of 6322?
3
What is the hundreds digit of 105500?
5
What is the tens digit of 131714?
1
What is the tens digit of 70691?
9
What is the units digit of 6032?
2
What is the thousands digit of 15473?
5
What is the hundreds digit of 481?
4
What is the tens digit of 975?
7
What is the thousands digit of 87708?
7
What is the units digit of 4094?
4
What is the hundreds digit of 132?
1
What is the hundreds digit of 52827?
8
What is the hundreds digit of 60394?
3
What is the ten thousands digit of 52249?
5
What is the tens digit of 1206?
0
What is the thousands digit of 47974?
7
What is the units digit of 6468?
8
What is the thousands digit of 9054?
9
What is the tens digit of 4347?
4
What is the hundreds digit of 47032?
0
What is the hundreds digit of 37261?
2
What is the tens digit of 223?
2
What is the units digit of 30230?
0
What is the units digit of 14545?
5
What is the thousands digit of 4591?
4
What is the units digit of 1221?
1
What is the thousands digit of 23719?
3
What is the thousands digit of 4634?
4
What is the hundreds digit of 1835?
8
What is the units digit of 10829?
9
What is the hundreds digit of 1222?
2
What is the tens digit of 31942?
4
What is the thousands digit of 13944?
3
What is the ten thousands digit of 23808?
2
What is the tens digit of 8243?
4
What is the units digit of 17611?
1
What is the hundreds digit of 1201?
2
What is the ten thousands digit of 52641?
5
What is the thousands digit of 1257?
1
What is the thousands digit of 9869?
9
What is the hundreds digit of 582?
5
What is the hundreds digit of 1713?
7
What is the thousands digit of 8516?
8
What is the thousands digit of 4668?
4
What is the hundreds digit of 129?
1
What is the tens digit of 7148?
4
What is the tens digit of 2852?
5
What is the hundred thousands digit of 185504?
1
What is the units digit of 514?
4
What is the units digit of 3?
3
What is the thousands digit of 3751?
3
What is the hundreds digit of 145?
1
What is the thousands digit of 14930?
4
What is the units digit of 993?
3
What is the hundreds digit of 33194?
1
What is the hundreds digit of 843?
8
What is the tens digit of 503?
0
What is the hundreds digit of 1216?
2
What is the ten thousands digit of 43337?
4
What is the units digit of 607?
7
What is the hundreds digit of 1482?
4
What is the ten thousands digit of 15183?
1
What is the hundreds digit of 4060?
0
What is the thousands digit of 32939?
2
What is the thousands digit of 6209?
6
What is the thousands digit of 46302?
6
What is the thousands digit of 1005?
1
What is the hundreds digit of 27891?
8
What is the units digit of 1629?
9
What is the units digit of 33967?
7
What is the thousands digit of 69175?
9
What is the units digit of 131982?
2
What is the tens digit of 109056?
5
What is the tens digit of 23136?
3
What is the tens digit of 63552?
5
What is the hundreds digit of 1035?
0
What is the thousands digit of 3314?
3
What is the thousands digit of 1253?
1
What is the tens digit of 1070?
7
What is the hundreds digit of 901?
9
What is the thousands digit of 67628?
7
What is the tens digit of 746?
4
What is the thousands digit of 47588?
7
What is the hundreds digit of 24382?
3
What is the units digit of 3353?
3
What is the hundreds digit of 4559?
5
What is the hundreds digit of 5416?
4
What is the hundreds digit of 3938?
9
What is the tens digit of 2331?
3
What is the tens digit of 1509?
0
What is the hundreds digit of 68614?
6
What is the hundreds digit of 2385?
3
What is the thousands digit of 2160?
2
What is the ten thousands digit of 29521?
2
What is the hundreds digit of 36526?
5
What is the units digit of 8306?
6
What is the thousands digit of 12892?
2
What is the thousands digit of 2840?
2
What is the units digit of 99?
9
What is the hundred thousands digit of 105022?
1
What is the hundreds digit of 395?
3
What is the thousands digit of 5075?
5
What is the thousands digit of 34828?
4
What is the tens digit of 12981?
8
What is the units digit of 3954?
4
What is the units digit of 7232?
2
What is the units digit of 12862?
2
What is the tens digit of 3344?
4
What is the tens digit of 12620?
2
What is the thousands digit of 3229?
3
What is the hundreds digit of 6148?
1
What is the ten thousands digit of 31315?
3
What is the units digit of 5040?
0
What is the hundreds digit of 162408?
4
What is the units digit of 99358?
8
What is the hundreds digit of 4111?
1
What is the tens digit of 531?
3
What is the tens digit of 261?
6
What is the thousands digit of 139943?
9
What is the units digit of 942?
2
What is the tens digit of 448?
4
What is the hundreds digit of 3555?
5
What is the tens digit of 2274?
7
What is the units digit of 4922?
2
What is the tens digit of 21531?
3
What is the ten thousands digit of 11994?
1
What is the hundreds digit of 14840?
8
What is the tens digit of 2415?
1
What is the hundreds digit of 8285?
2
What is the thousands digit of 1054?
1
What is the units digit of 1817?
7
What is the tens digit of 327?
2
What is the thousands digit of 10425?
0
What is the ten thousands digit of 29035?
2
What is the hundreds digit of 1129?
1
What is the tens digit of 17176?
7
What is the units digit of 3016?
6
What is the hundreds digit of 2379?
3
What is the tens digit of 1118?
1
What is the thousands digit of 37018?
7
What is the tens digit of 2138?
3
What is the tens digit of 4318?
1
What is the units digit of 3517?
7
What is the thousands digit of 47360?
7
What is the units digit of 9534?
4
What is the units digit of 12305?
5
What is the hundreds digit of 11182?
1
What is the units digit of 70143?
3
What is the hundreds digit of 92729?
7
What is the hundreds digit of 1601?
6
What is the tens digit of 30200?
0
What is the tens digit of 13033?
3
What is the thousands digit of 1017?
1
What is the thousands digit of 18578?
8
What is the thousands digit of 1986?
1
What is the units digit of 3093?
3
What is the tens digit of 736?
3
What is the hundreds digit of 6580?
5
What is the hundreds digit of 6861?
8
What is the tens digit of 21813?
1
What is the thousands digit of 3323?
3
What is the units digit of 28426?
6
What is the units digit of 1742?
2
What is the hundreds digit of 1447?
4
What is the thousands digit of 2605?
2
What is the hundreds digit of 116109?
1
What is the units digit of 2186?
6
What is the tens digit of 53615?
1
What is the ten thousands digit of 56215?
5
What is the tens digit of 31408?
0
What is the thousands digit of 5073?
5
What is the hundreds digit of 1977?
9
What is the thousands digit of 3197?
3
What is the hundreds digit of 660?
6
What is the units digit of 4614?
4
What is the units digit of 3846?
6
What is the ten thousands digit of 10024?
1
What is the tens digit of 685?
8
What is the tens digit of 1406?
0
What is the thousands di